{"version":"1.0","provider_name":"\u00cd\u00fer\u00f3ttaf\u00e9lagi\u00f0 Gr\u00f3tta","provider_url":"https:\/\/grotta.is\/en","author_name":"Grotta","author_url":"https:\/\/grotta.is\/en\/author\/inga\/","title":"Fr\u00e9ttatilkynning fr\u00e1 knattspyrnudeild - \u00cd\u00fer\u00f3ttaf\u00e9lagi\u00f0 Gr\u00f3tta","type":"rich","width":600,"height":338,"html":"<blockquote class=\"wp-embedded-content\" data-secret=\"N5wwhxfxZA\"><a href=\"https:\/\/grotta.is\/en\/knattspyrnudeild\/frettatilkynning-fra-knattspyrnudeild\/\">Fr\u00e9ttatilkynning fr\u00e1 knattspyrnudeild<\/a><\/blockquote><iframe sandbox=\"allow-scripts\" security=\"restricted\" src=\"https:\/\/grotta.is\/en\/knattspyrnudeild\/frettatilkynning-fra-knattspyrnudeild\/embed\/#?secret=N5wwhxfxZA\" width=\"600\" height=\"338\" title=\"&#8220;Fr\u00e9ttatilkynning fr\u00e1 knattspyrnudeild&#8221; &#8212; \u00cd\u00fer\u00f3ttaf\u00e9lagi\u00f0 Gr\u00f3tta\" data-secret=\"N5wwhxfxZA\" frameborder=\"0\" marginwidth=\"0\" marginheight=\"0\" scrolling=\"no\" class=\"wp-embedded-content\"><\/iframe><script type=\"text\/javascript\">\n\/* <![CDATA[ *\/\n\/*! This file is auto-generated *\/\n!function(d,l){\"use strict\";l.querySelector&&d.addEventListener&&\"undefined\"!=typeof URL&&(d.wp=d.wp||{},d.wp.receiveEmbedMessage||(d.wp.receiveEmbedMessage=function(e){var t=e.data;if((t||t.secret||t.message||t.value)&&!\/[^a-zA-Z0-9]\/.test(t.secret)){for(var s,r,n,a=l.querySelectorAll('iframe[data-secret=\"'+t.secret+'\"]'),o=l.querySelectorAll('blockquote[data-secret=\"'+t.secret+'\"]'),c=new RegExp(\"^https?:$\",\"i\"),i=0;i<o.length;i++)o[i].style.display=\"none\";for(i=0;i<a.length;i++)s=a[i],e.source===s.contentWindow&&(s.removeAttribute(\"style\"),\"height\"===t.message?(1e3<(r=parseInt(t.value,10))?r=1e3:~~r<200&&(r=200),s.height=r):\"link\"===t.message&&(r=new URL(s.getAttribute(\"src\")),n=new URL(t.value),c.test(n.protocol))&&n.host===r.host&&l.activeElement===s&&(d.top.location.href=t.value))}},d.addEventListener(\"message\",d.wp.receiveEmbedMessage,!1),l.addEventListener(\"DOMContentLoaded\",function(){for(var e,t,s=l.querySelectorAll(\"iframe.wp-embedded-content\"),r=0;r<s.length;r++)(t=(e=s[r]).getAttribute(\"data-secret\"))||(t=Math.random().toString(36).substring(2,12),e.src+=\"#?secret=\"+t,e.setAttribute(\"data-secret\",t)),e.contentWindow.postMessage({message:\"ready\",secret:t},\"*\")},!1)))}(window,document);\n\/* ]]> *\/\n<\/script>","thumbnail_url":"https:\/\/grotta.is\/wp-content\/uploads\/2020\/04\/Knattspyrnudeild_grotta_Frettir_yngriflokkar_162-scaled.jpg","thumbnail_width":2560,"thumbnail_height":1920,"description":"Stj\u00f3rn knattspyrnudeildar Gr\u00f3ttu hefur gengi\u00f0 fr\u00e1 starfslokum \u00de\u00f3rhalls Dan J\u00f3hannssonar, \u00fej\u00e1lfara meistaraflokks karla. \u00de\u00f3rhalli var \u00fer\u00f6ngt sni\u00f0inn stakkur \u00feegar hann t\u00f3k vi\u00f0 li\u00f0inu hausti\u00f0 2016, \u00fe\u00e1 n\u00fdskri\u00f0unu upp \u00ed fyrstu deild."}

Íþróttafélagið Grótta

Fréttatilkynning frá knattspyrnudeild - Íþróttafélagið Grótta

<blockquote class="wp-embedded-content" data-secret="N5wwhxfxZA"><a href="https://grotta.is/en/knattspyrnudeild/frettatilkynning-fra-knattspyrnudeild/">Fréttatilkynning frá knattspyrnudeild</a></blockquote><iframe sandbox="allow-scripts" security="restricted" src="https://grotta.is/en/knattspyrnudeild/frettatilkynning-fra-knattspyrnudeild/embed/#?secret=N5wwhxfxZA" width="600" height="338" title="&#8220;Fréttatilkynning frá knattspyrnudeild&#8221; &#8212; Íþróttafélagið Grótta" data-secret="N5wwhxfxZA" frameborder="0" marginwidth="0" marginheight="0" scrolling="no" class="wp-embedded-content"></iframe><script type="text/javascript">
/* <![CDATA[ */
/*! This file is auto-generated */
!function(d,l){"use strict";l.querySelector&&d.addEventListener&&"undefined"!=typeof URL&&(d.wp=d.wp||{},d.wp.receiveEmbedMessage||(d.wp.receiveEmbedMessage=function(e){var t=e.data;if((t||t.secret||t.message||t.value)&&!/[^a-zA-Z0-9]/.test(t.secret)){for(var s,r,n,a=l.querySelectorAll('iframe[data-secret="'+t.secret+'"]'),o=l.querySelectorAll('blockquote[data-secret="'+t.secret+'"]'),c=new RegExp("^https?:$","i"),i=0;i<o.length;i++)o[i].style.display="none";for(i=0;i<a.length;i++)s=a[i],e.source===s.contentWindow&&(s.removeAttribute("style"),"height"===t.message?(1e3<(r=parseInt(t.value,10))?r=1e3:~~r<200&&(r=200),s.height=r):"link"===t.message&&(r=new URL(s.getAttribute("src")),n=new URL(t.value),c.test(n.protocol))&&n.host===r.host&&l.activeElement===s&&(d.top.location.href=t.value))}},d.addEventListener("message",d.wp.receiveEmbedMessage,!1),l.addEventListener("DOMContentLoaded",function(){for(var e,t,s=l.querySelectorAll("iframe.wp-embedded-content"),r=0;r<s.length;r++)(t=(e=s[r]).getAttribute("data-secret"))||(t=Math.random().toString(36).substring(2,12),e.src+="#?secret="+t,e.setAttribute("data-secret",t)),e.contentWindow.postMessage({message:"ready",secret:t},"*")},!1)))}(window,document);
/* ]]> */
</script>

Stjórn knattspyrnudeildar Gróttu hefur gengið frá starfslokum Þórhalls Dan Jóhannssonar, þjálfara meistaraflokks karla. Þórhalli var þröngt sniðinn stakkur þegar hann tók við liðinu haustið 2016, þá nýskriðunu upp í fyrstu deild.
