{"version":"1.0","provider_name":"\u00cd\u00fer\u00f3ttaf\u00e9lagi\u00f0 Gr\u00f3tta","provider_url":"https:\/\/grotta.is\/en","author_name":"Andri Sigf\u00fasson","author_url":"https:\/\/grotta.is\/en\/author\/andri\/","title":"Katr\u00edn Anna me\u00f0 U18 landsli\u00f0inu \u00ed Serb\u00edu - \u00cd\u00fer\u00f3ttaf\u00e9lagi\u00f0 Gr\u00f3tta","type":"rich","width":600,"height":338,"html":"<blockquote class=\"wp-embedded-content\" data-secret=\"g5FaFBRtme\"><a href=\"https:\/\/grotta.is\/en\/handknattleiksdeild\/katrin-anna-med-u18-landslidinu-i-serbiu\/\">Katr\u00edn Anna me\u00f0 U18 landsli\u00f0inu \u00ed Serb\u00edu<\/a><\/blockquote><iframe sandbox=\"allow-scripts\" security=\"restricted\" src=\"https:\/\/grotta.is\/en\/handknattleiksdeild\/katrin-anna-med-u18-landslidinu-i-serbiu\/embed\/#?secret=g5FaFBRtme\" width=\"600\" height=\"338\" title=\"&#8220;Katr\u00edn Anna me\u00f0 U18 landsli\u00f0inu \u00ed Serb\u00edu&#8221; &#8212; \u00cd\u00fer\u00f3ttaf\u00e9lagi\u00f0 Gr\u00f3tta\" data-secret=\"g5FaFBRtme\" frameborder=\"0\" marginwidth=\"0\" marginheight=\"0\" scrolling=\"no\" class=\"wp-embedded-content\"><\/iframe><script type=\"text\/javascript\">\n\/* <![CDATA[ *\/\n\/*! This file is auto-generated *\/\n!function(d,l){\"use strict\";l.querySelector&&d.addEventListener&&\"undefined\"!=typeof URL&&(d.wp=d.wp||{},d.wp.receiveEmbedMessage||(d.wp.receiveEmbedMessage=function(e){var t=e.data;if((t||t.secret||t.message||t.value)&&!\/[^a-zA-Z0-9]\/.test(t.secret)){for(var s,r,n,a=l.querySelectorAll('iframe[data-secret=\"'+t.secret+'\"]'),o=l.querySelectorAll('blockquote[data-secret=\"'+t.secret+'\"]'),c=new RegExp(\"^https?:$\",\"i\"),i=0;i<o.length;i++)o[i].style.display=\"none\";for(i=0;i<a.length;i++)s=a[i],e.source===s.contentWindow&&(s.removeAttribute(\"style\"),\"height\"===t.message?(1e3<(r=parseInt(t.value,10))?r=1e3:~~r<200&&(r=200),s.height=r):\"link\"===t.message&&(r=new URL(s.getAttribute(\"src\")),n=new URL(t.value),c.test(n.protocol))&&n.host===r.host&&l.activeElement===s&&(d.top.location.href=t.value))}},d.addEventListener(\"message\",d.wp.receiveEmbedMessage,!1),l.addEventListener(\"DOMContentLoaded\",function(){for(var e,t,s=l.querySelectorAll(\"iframe.wp-embedded-content\"),r=0;r<s.length;r++)(t=(e=s[r]).getAttribute(\"data-secret\"))||(t=Math.random().toString(36).substring(2,12),e.src+=\"#?secret=\"+t,e.setAttribute(\"data-secret\",t)),e.contentWindow.postMessage({message:\"ready\",secret:t},\"*\")},!1)))}(window,document);\n\/* ]]> *\/\n<\/script>","thumbnail_url":"https:\/\/grotta.is\/wp-content\/uploads\/2021\/12\/260619110_308344671298230_242852473496178657_n.jpg","thumbnail_width":900,"thumbnail_height":600,"description":"U-18 \u00e1ra landsli\u00f0 kvenna l\u00e9k \u00ed Belgrad \u00ed Serb\u00edu 22 &#8211; 25.n\u00f3vember s\u00ed\u00f0astli\u00f0inn \u00e1 umspilsm\u00f3ti um s\u00e6ti \u00ed A-keppni Evr\u00f3pum\u00f3ts kvenna \u00ed \u00feessum aldursh\u00f3pi \u00e1 n\u00e6sta \u00e1ri. Katr\u00edn Anna \u00c1smundsd\u00f3ttir [&hellip;]"}

Íþróttafélagið Grótta

Andri Sigfússon

Katrín Anna með U18 landsliðinu í Serbíu - Íþróttafélagið Grótta

<blockquote class="wp-embedded-content" data-secret="g5FaFBRtme"><a href="https://grotta.is/en/handknattleiksdeild/katrin-anna-med-u18-landslidinu-i-serbiu/">Katrín Anna með U18 landsliðinu í Serbíu</a></blockquote><iframe sandbox="allow-scripts" security="restricted" src="https://grotta.is/en/handknattleiksdeild/katrin-anna-med-u18-landslidinu-i-serbiu/embed/#?secret=g5FaFBRtme" width="600" height="338" title="&#8220;Katrín Anna með U18 landsliðinu í Serbíu&#8221; &#8212; Íþróttafélagið Grótta" data-secret="g5FaFBRtme" frameborder="0" marginwidth="0" marginheight="0" scrolling="no" class="wp-embedded-content"></iframe><script type="text/javascript">
/* <![CDATA[ */
/*! This file is auto-generated */
!function(d,l){"use strict";l.querySelector&&d.addEventListener&&"undefined"!=typeof URL&&(d.wp=d.wp||{},d.wp.receiveEmbedMessage||(d.wp.receiveEmbedMessage=function(e){var t=e.data;if((t||t.secret||t.message||t.value)&&!/[^a-zA-Z0-9]/.test(t.secret)){for(var s,r,n,a=l.querySelectorAll('iframe[data-secret="'+t.secret+'"]'),o=l.querySelectorAll('blockquote[data-secret="'+t.secret+'"]'),c=new RegExp("^https?:$","i"),i=0;i<o.length;i++)o[i].style.display="none";for(i=0;i<a.length;i++)s=a[i],e.source===s.contentWindow&&(s.removeAttribute("style"),"height"===t.message?(1e3<(r=parseInt(t.value,10))?r=1e3:~~r<200&&(r=200),s.height=r):"link"===t.message&&(r=new URL(s.getAttribute("src")),n=new URL(t.value),c.test(n.protocol))&&n.host===r.host&&l.activeElement===s&&(d.top.location.href=t.value))}},d.addEventListener("message",d.wp.receiveEmbedMessage,!1),l.addEventListener("DOMContentLoaded",function(){for(var e,t,s=l.querySelectorAll("iframe.wp-embedded-content"),r=0;r<s.length;r++)(t=(e=s[r]).getAttribute("data-secret"))||(t=Math.random().toString(36).substring(2,12),e.src+="#?secret="+t,e.setAttribute("data-secret",t)),e.contentWindow.postMessage({message:"ready",secret:t},"*")},!1)))}(window,document);
/* ]]> */
</script>

U-18 ára landslið kvenna lék í Belgrad í Serbíu 22 &#8211; 25.nóvember síðastliðinn á umspilsmóti um sæti í A-keppni Evrópumóts kvenna í þessum aldurshópi á næsta ári. Katrín Anna Ásmundsdóttir [&hellip;]
